{"id":2132,"date":"2018-03-16T15:15:30","date_gmt":"2018-03-16T13:15:30","guid":{"rendered":"http:\/\/www.gondiaz.es\/tienda\/?post_type=product&#038;p=2132"},"modified":"2026-04-22T17:39:57","modified_gmt":"2026-04-22T15:39:57","slug":"lomo-bellota-100-iberico-5-jotas-jabugo-huelva","status":"publish","type":"product","link":"https:\/\/www.gondiaz.es\/tienda\/producto\/lomo-bellota-100-iberico-5-jotas-jabugo-huelva\/","title":{"rendered":"Lomo de Bellota 100% Ib\u00e9rico 5 JOTAS Jabugo Huelva Canister"},"content":{"rendered":"<p>El <strong>lomo de bellota 100% ib\u00e9rico 5 JOTAS de Jabugo (Huelva) en canister<\/strong> es la forma m\u00e1s elegante de presentar uno de los embutidos ib\u00e9ricos m\u00e1s exclusivos del mundo. 5 JOTAS, referencia absoluta del ib\u00e9rico desde 1879, elabora este lomo con cerdos de bellota 100% ib\u00e9ricos de su propia ganader\u00eda en Jabugo (Huelva), embuchado en tripa natural y curado en secaderos naturales durante m\u00e1s de cinco meses.<\/p>\n<p>El lomo de bellota 100% ib\u00e9rico de Cinco Jotas se obtiene del m\u00fasculo dorsal del cerdo ib\u00e9rico puro, embuchado en la tripa natural caracter\u00edstica de la ca\u00f1a del lomo de Jabugo. La curaci\u00f3n prolongada en los secaderos naturales de la sierra de Aracena, con su microclima \u00fanico, desarrolla un perfil arom\u00e1tico de <strong>gran complejidad y profundidad<\/strong>: piment\u00f3n de calidad, especias integradas y la dulzura inconfundible de la grasa de bellota del 100% ib\u00e9rico de Jabugo.<\/p>\n<p>El <strong>canister<\/strong> \u2014la lata cil\u00edndrica de presentaci\u00f3n\u2014 es un formato exclusivo de 5 JOTAS que protege la pieza y la convierte en un regalo gourmet de gran impacto visual. El lomo de bellota de Cinco Jotas en canister es uno de los regalos m\u00e1s valorados por los apasionados del ib\u00e9rico: una pieza ic\u00f3nica de la mejor marca del mundo en una presentaci\u00f3n tan elegante como el producto que contiene.<\/p>\n<p>Se puede adquirir en pieza entera, troceada en 4 o loncheada y envasada al vac\u00edo. Conservar en lugar fresco y seco. Env\u00edo a toda Espa\u00f1a desde Gond\u00edaz, distribuidor oficial de 5 JOTAS en Madrid.<\/p>\n","protected":false},"excerpt":{"rendered":"<p>El lomo 5 Jotas se obtiene de cerdos de bellota 100% ib\u00e9ricos. Embuchado en tripa natural, y su fisonom\u00eda t\u00edpica de la ca\u00f1a de lomo de Jabugo.<\/p>\n<p>F\u00e1brica ubicada en Jabugo provincia de Huelva. Curado en secaderos naturales durante m\u00e1s de cinco meses.<\/p>\n<p>Compra la pieza entera, troceada en 4 o loncheada y envasada al vac\u00edo. La mejor calidad y garant\u00eda. \u00a1C\u00f3mpralo ahora en Gond\u00edaz y rec\u00edbelo en casa en solo 1 d\u00eda!<\/p>\n","protected":false},"featured_media":4967,"template":"","meta":[],"product_brand":[207],"product_cat":[141],"product_tag":[226,254,219,240,231,266,270,230],"class_list":{"0":"post-2132","1":"product","2":"type-product","3":"status-publish","4":"has-post-thumbnail","6":"product_brand-5-jotas","7":"product_cat-embutidos-y-quesos","8":"product_tag-100-iberico","9":"product_tag-5-jotas","10":"product_tag-bellota","11":"product_tag-dop-jabugo","12":"product_tag-embutido-iberico","13":"product_tag-huelva","14":"product_tag-jabugo","15":"product_tag-lomo-iberico","16":"pa_peso-de-045-kg-aprox","17":"pa_peso-de-055-kg-aprox","18":"pa_peso-de-08-a-09-kg","19":"pa_peso-de-09-a-1-kg","20":"pa_peso-de-11-a-12-kg","21":"pa_precinto-negro","22":"pa_tipo-loncheado-y-envasado-al-vacio-en-100-gr","23":"pa_tipo-pieza-completa-envasada-al-vacio","24":"pa_tipo-pieza-troceada-en-4-y-envasada-al-vacio","25":"pa_zona-de-fabricacion-zona-jabugo","27":"first","28":"instock","29":"sale","30":"purchasable","31":"product-type-variable","32":"has-default-attributes"},"_links":{"self":[{"href":"https:\/\/www.gondiaz.es\/tienda\/wp-json\/wp\/v2\/product\/2132","targetHints":{"allow":["GET"]}}],"collection":[{"href":"https:\/\/www.gondiaz.es\/tienda\/wp-json\/wp\/v2\/product"}],"about":[{"href":"https:\/\/www.gondiaz.es\/tienda\/wp-json\/wp\/v2\/types\/product"}],"wp:featuredmedia":[{"embeddable":true,"href":"https:\/\/www.gondiaz.es\/tienda\/wp-json\/wp\/v2\/media\/4967"}],"wp:attachment":[{"href":"https:\/\/www.gondiaz.es\/tienda\/wp-json\/wp\/v2\/media?parent=2132"}],"wp:term":[{"taxonomy":"product_brand","embeddable":true,"href":"https:\/\/www.gondiaz.es\/tienda\/wp-json\/wp\/v2\/product_brand?post=2132"},{"taxonomy":"product_cat","embeddable":true,"href":"https:\/\/www.gondiaz.es\/tienda\/wp-json\/wp\/v2\/product_cat?post=2132"},{"taxonomy":"product_tag","embeddable":true,"href":"https:\/\/www.gondiaz.es\/tienda\/wp-json\/wp\/v2\/product_tag?post=2132"}],"curies":[{"name":"wp","href":"https:\/\/api.w.org\/{rel}","templated":true}]}}